{"id":58446,"date":"2024-10-01T06:49:07","date_gmt":"2024-10-01T06:49:07","guid":{"rendered":"https:\/\/www.discover-innsbruck.at\/?post_type=project&#038;p=58446"},"modified":"2024-10-01T06:49:09","modified_gmt":"2024-10-01T06:49:09","slug":"militaerfriedhof-amras","status":"publish","type":"project","link":"https:\/\/www.discover-innsbruck.at\/en\/project\/militaerfriedhof-amras\/","title":{"rendered":"Amras military cemetery"},"content":{"rendered":"<p>[et_pb_section fb_built=&#8220;1&#8243; _builder_version=&#8220;4.25.1&#8243; _module_preset=&#8220;default&#8220; global_colors_info=&#8220;{}&#8220; theme_builder_area=&#8220;post_content&#8220;][et_pb_row column_structure=&#8220;1_2,1_2&#8243; _builder_version=&#8220;4.25.1&#8243; _module_preset=&#8220;default&#8220; global_colors_info=&#8220;{}&#8220; theme_builder_area=&#8220;post_content&#8220;][et_pb_column type=&#8220;1_2&#8243; _builder_version=&#8220;4.25.1&#8243; _module_preset=&#8220;default&#8220; global_colors_info=&#8220;{}&#8220; theme_builder_area=&#8220;post_content&#8220;][et_pb_image src=&#8220;https:\/\/www.discover-innsbruck.at\/wp-content\/uploads\/2024\/10\/FDF96871-77A4-4DEF-B11D-1688813FC5F6.jpeg&#8220; alt=&#8220;Milit\u00e4rfriedhof Amras&#8220; title_text=&#8220;Milit\u00e4rfriedhof Amras&#8220; admin_label=&#8220;Bild (\u00e4ndern)&#8220; _builder_version=&#8220;4.27.0&#8243; _module_preset=&#8220;default&#8220; hover_enabled=&#8220;0&#8243; border_radii=&#8220;on|10px|10px|10px|10px&#8220; box_shadow_style=&#8220;preset1&#8243; global_colors_info=&#8220;{}&#8220; theme_builder_area=&#8220;post_content&#8220; sticky_enabled=&#8220;0&#8243;][\/et_pb_image][\/et_pb_column][et_pb_column type=&#8220;1_2&#8243; _builder_version=&#8220;4.25.1&#8243; _module_preset=&#8220;default&#8220; global_colors_info=&#8220;{}&#8220; theme_builder_area=&#8220;post_content&#8220;][et_pb_post_title meta=&#8220;off&#8220; featured_image=&#8220;off&#8220; admin_label=&#8220;Posttitel (nicht \u00e4ndern)&#8220; _builder_version=&#8220;4.25.1&#8243; _module_preset=&#8220;default&#8220; title_font_size=&#8220;28px&#8220; custom_padding=&#8220;10px|10px|10px|10px|true|true&#8220; border_radii=&#8220;on|10px|10px|10px|10px&#8220; box_shadow_style=&#8220;preset1&#8243; global_colors_info=&#8220;{}&#8220; theme_builder_area=&#8220;post_content&#8220;][\/et_pb_post_title][et_pb_icon font_icon=&#8220;&#xe09a;||divi||400&#8243; icon_width=&#8220;64px&#8220; url=&#8220;https:\/\/www.instagram.com\/discoverinnsbrooklyn\/&#8220; url_new_window=&#8220;on&#8220; admin_label=&#8220;Instagram (nicht \u00e4ndern)&#8220; _builder_version=&#8220;4.25.1&#8243; _module_preset=&#8220;default&#8220; global_module=&#8220;55501&#8243; saved_tabs=&#8220;all&#8220; global_colors_info=&#8220;{}&#8220; theme_builder_area=&#8220;post_content&#8220;][\/et_pb_icon][et_pb_text admin_label=&#8220;\u00dcberschrift (nicht \u00e4ndern)&#8220; _builder_version=&#8220;4.27.0&#8243; _module_preset=&#8220;default&#8220; header_2_font_size=&#8220;24px&#8220; global_colors_info=&#8220;{}&#8220; theme_builder_area=&#8220;post_content&#8220;]<\/p>\n<h2>Interessant dazu&#8230;<\/h2>\n<p>[\/et_pb_text][et_pb_toggle title=&#8220;Der Erste Weltkrieg und die Zeit danach&#8220; open_toggle_text_color=&#8220;#e09900&#8243; open_toggle_background_color=&#8220;#ffffff&#8220; closed_toggle_text_color=&#8220;#e09900&#8243; closed_toggle_background_color=&#8220;#ffffff&#8220; icon_color=&#8220;#e09900&#8243; open_icon_color=&#8220;#e09900&#8243; admin_label=&#8220;Der Erste Weltkrieg und die Zeit danach&#8220; _builder_version=&#8220;4.27.0&#8243; _module_preset=&#8220;default&#8220; title_text_color=&#8220;#e09900&#8243; title_font_size=&#8220;18px&#8220; border_radii=&#8220;on|5px|5px|5px|5px&#8220; box_shadow_style=&#8220;preset1&#8243; global_colors_info=&#8220;{}&#8220; global_module=&#8220;53606&#8243; theme_builder_area=&#8220;post_content&#8220;]<\/p>\n<p>Auch in Innsbruck war die Begeisterung f\u00fcr den Krieg 1914 gro\u00df gewesen. Vom Nationalismus und der Begeisterung f\u00fcr \u201e<em>Gott, Kaiser und Vaterland<\/em>\u201c der Zeit angetrieben, begr\u00fc\u00dften Bauerns\u00f6hne und Studenten den Krieg zum allergr\u00f6\u00dften Teil einhellig. Klerus und Presse stimmten in den allgemeinen Jubel mit ein und heizten die Sache weiter an. Besonders \u201everdient\u201c machten sich dabei Theologen wie Joseph Seeber (1856 \u2013 1919) und Anton M\u00fcllner alias <em>Bruder Willram<\/em> (1870 \u2013 1919) die mit ihren Predigten und Schriften wie \u201e<em>Das blutige Jahr<\/em>\u201c den Krieg zu einem Kreuzzug gegen Frankreich und Italien erhoben.<\/p>\n<p>Viele Innsbrucker meldeten sich freiwillig f\u00fcr den Feldzug gegen Serbien, von dem man dachte, er w\u00e4re eine Angelegenheit weniger Wochen oder Monate. Von au\u00dferhalb der Stadt kam eine so gro\u00dfe Anzahl an Freiwilligen zu den Stellungskommissionen, dass Innsbruck beinahe aus allen N\u00e4hten platzte. Wie anders es kommen sollte, konnte keiner ahnen. Schon nach den ersten Schlachten im fernen Galizien war klar, dass es keine Sache von Monaten werden w\u00fcrde.<\/p>\n<p>1915 trat das K\u00f6nigreich Italien an der Seite Frankreichs und Englands in den Krieg ein. Damit ging die Front quer durch das damalige Tirol. Vom Ortler im Westen \u00fcber den n\u00f6rdlichen Gardasee bis zu den <em>Sextener Dolomiten<\/em> fanden die Gefechte des Gebirgskriegs statt. Innsbruck war nicht direkt von den Kampfhandlungen betroffen. Zumindest h\u00f6ren konnte man das Kriegsgeschehen aber bis in die Landeshauptstadt, wie in der Zeitung vom 7. Juli 1915 zu lesen war:<\/p>\n<p><em>\u201eBald nach Beginn der Feindseligkeiten der Italiener konnte man in der Gegend der Serlesspitze deutlich Kanonendonner wahrnehmen, der von einem der Kampfpl\u00e4tze im S\u00fcden Tirols kam, wahrscheinlich von der Vielgereuter Hochebene. In den letzten Tagen ist nun in Innsbruck selbst und im Nordosten der Stadt unzweifelhaft der Schall von Gesch\u00fctzdonner festgestellt worden, einzelne starke Schl\u00e4ge, die dumpf, nicht rollend und t\u00f6nend \u00fcber den Brenner her\u00fcberklangen. Eine T\u00e4uschung ist ausgeschlossen. In Innsbruck selbst ist der Donner der Kanonen schwerer festzustellen, weil hier der L\u00e4rm zu gro\u00df ist, es wurde aber doch einmal abends ungef\u00e4hr um 9 Uhr, als einigerma\u00dfen Ruhe herrschte, dieser unzweifelhafte von unseren M\u00f6rsern herr\u00fchrender Donner geh\u00f6rt.\u201c<\/em><\/p>\n<p>Bis zur Verlegung regul\u00e4rer Truppen von der Ostfront hing die Landesverteidigung an den Standsch\u00fctzen, einer Truppe, die aus M\u00e4nnern unter 21, \u00fcber 42 oder mit Untauglichkeit f\u00fcr den regul\u00e4ren Milit\u00e4rdienst bestand. T\u00e4glich trafen wenig erbauliche Neuigkeiten der Front, S\u00e4rge und Kriegsgefangene ein. Verwundetentransporte luden Menschenmaterial f\u00fcr die Lazarette im Hinterland ab. Um der gro\u00dfen Zahl an Gefallenen Herr zu werden, wurde der Milit\u00e4rfriedhof Pradl angelegt.<\/p>\n<p>Die Bev\u00f6lkerung in Innsbruck litt unter Mangel, vor allem im letzten Winter, der als <em>Hungerwinter<\/em> in die europ\u00e4ische Geschichte einging. Die Versorgung erfolgte in den letzten Kriegsjahren \u00fcber Bezugsscheine. 500 g Fleisch, 60 g Butter und 2 kg Kartoffel waren die Basiskost pro Person \u2013 pro Woche, wohlgemerkt. Auf Archivbildern kann man die langen Schlangen verzweifelter und hungriger Menschen vor den Lebensmittell\u00e4den sehen.<\/p>\n<p>Im Oktober 1918 kam es zu Fliegeralarm, Schaden entstand keiner. Zu dieser Zeit war den meisten Menschen schon klar, dass der Krieg verloren war, und welches Schicksal Tirol erwarten w\u00fcrde, wie dieser Artikel vom 6. Oktober 1918 zeigt:<\/p>\n<p>\u00a0\u201e<em>Aeu\u00dfere und innere Feinde w\u00fcrfeln heute um das Land Andreas Hofers. Der letzte Wurf ist noch grausamer; sch\u00e4ndlicher ist noch nie ein freies Land geschachert worden. Das Blut unserer V\u00e4ter, S\u00f6hne und Br\u00fcder ist umsonst geflossen, wenn dieser sch\u00e4ndliche Plan Wirklichkeit werden soll. Der letzte Wurf ist noch nicht getan. Darum auf Tiroler, zum Tiroler Volkstag in Brixen am 13. Oktober 1918 (n\u00e4chsten Sonntag). Deutscher Boden mu\u00df deutsch bleiben, Tiroler Boden mu\u00df tirolisch bleiben. Tiroler entscheidet selbst \u00fcber Eure Zukunft!<\/em>\u201c<\/p>\n<p>Am 4. November vereinbarten \u00d6sterreich-Ungarn und das K\u00f6nigreich Italien schlie\u00dflich einen Waffenstillstand. Damit verbunden war das Recht der Alliierten Gebiete der Monarchie zu besetzen. Bereits am n\u00e4chsten Tag r\u00fcckten bayerische Truppen in Innsbruck ein. Der \u00f6sterreichische Verb\u00fcndete Deutschland befand sich noch im Krieg mit Italien und hatte Angst, die Front k\u00f6nnte nach Nordtirol n\u00e4her an das Deutsche Reich verlegt werden. Zum gro\u00dfen Gl\u00fcck f\u00fcr Innsbruck und die Umgebung kapitulierte aber auch Deutschland eine Woche sp\u00e4ter am 11. November. So blieben die gro\u00dfen Kampfhandlungen zwischen regul\u00e4ren Armeen au\u00dfen vor.<\/p>\n<p>Trotzdem war Innsbruck in Gefahr. Gewaltige Kolonnen an milit\u00e4rischen Kraftfahrzeugen, Z\u00fcge voller Soldaten und tausende ausgezehrte Soldaten, die sich zu Fu\u00df auf den Heimweg von der Front machten, passierten die Stadt. Um die \u00f6ffentliche Ordnung aufrecht zu erhalten, bildeten sich Wehrgruppen aus Sch\u00fclern, Studenten, Arbeitern und B\u00fcrgern. Die Stadt musste nicht nur die eigenen B\u00fcrger in Zaum halten, die Verpflegung garantieren, sondern sich auch vor Pl\u00fcnderungen sch\u00fctzen.<\/p>\n<p>Am 23. November 1918 besetzten italienische Truppen die Stadt und das Umland. Der beschwichtigende Aufruf an die Innsbrucker von B\u00fcrgermeister Greil, die Stadt ohne Aufruhr zu \u00fcbergeben, hatte Erfolg. Es kam kaum zu Ausschreitungen.<\/p>\n<p>Die wirtschaftlichen Aussichten in Innsbruck waren in den Nachkriegsjahren miserabel. Die Republik Deutsch\u00f6sterreich war zwar ausgerufen, wie es mit Tirol weitergehen sollte, war unklar. Bei den Friedensverhandlungen in Paris war wurde der Brenner zur neuen Grenze erkl\u00e4rt. Das historische Tirol war zweigeteilt. Viele Menschen zu beiden Seiten des Brenners f\u00fchlten sich verraten. Man hatte den Krieg zwar bei Weitem nicht gewonnen, als Verlierer gegen\u00fcber Italien sah man sich aber nicht. Der Hass auf Italiener erreichte in der Zwischenkriegszeit seinen H\u00f6hepunkt. Eine Passage aus dem Erz\u00e4hlband \u201eDie Front \u00fcber den Gipfeln\u201c des nationalsozialistischen Autors Karl Springenschmid spiegelt die allgemeine Stimmung wider:<\/p>\n<p><em>\u201e`Walsch (Anm.:Italienisch) werden, das w\u00e4r das \u00c4rgste!` sagt die Junge. <\/em><\/p>\n<p><em>Da nickt der alte Tappeiner blo\u00df und schimpft: `Wei\u00df wohl selber und wir wissen es alle: Walsch werden, das w\u00e4r das \u00c4rgste.`\u201c<\/em><\/p>\n<p>Der Anschluss an Deutschland erhielt bei einer Abstimmung in Tirol einen Zuspruch von 98% in Tirol, kam aber nie zustande. Auch eine eigene Republik mit Bayern stand im Raum. Viele Menschen, besonders Beamten und Mitarbeiter im \u00f6ffentlichen Dienst, hatten ihre Arbeit verloren. Der Fremdenverkehr war inexistent. Erst 1923, mit der W\u00e4hrungssanierung unter Kanzler Ignaz Seipel begann sich Innsbruck langsam zu erholen.<\/p>\n<p>Erinnerungsorte an den Ersten Weltkrieg finden sich in Innsbruck vor allem an Kirchen, die der gefallenen Gemeindemitglieder gedenken, und Friedh\u00f6fen. Besonders interessant ist der Pradler Friedhof. Den beiden Theologen Anton M\u00fcllner und Josef Seeber sind Innsbrucker Stra\u00dfennamen gewidmet.<\/p>\n<p>[\/et_pb_toggle][\/et_pb_column][\/et_pb_row][\/et_pb_section]<\/p>\n","protected":false},"excerpt":{"rendered":"<p>Amras military cemetery<\/p>","protected":false},"author":1,"featured_media":58445,"comment_status":"open","ping_status":"closed","template":"","meta":{"_et_pb_use_builder":"on","_et_pb_old_content":"","_et_gb_content_width":"","wds_primary_project_category":0,"footnotes":""},"project_category":[100],"project_tag":[],"class_list":["post-58446","project","type-project","status-publish","has-post-thumbnail","hentry","project_category-amras-pradl"],"_links":{"self":[{"href":"https:\/\/www.discover-innsbruck.at\/en\/wp-json\/wp\/v2\/project\/58446","targetHints":{"allow":["GET"]}}],"collection":[{"href":"https:\/\/www.discover-innsbruck.at\/en\/wp-json\/wp\/v2\/project"}],"about":[{"href":"https:\/\/www.discover-innsbruck.at\/en\/wp-json\/wp\/v2\/types\/project"}],"author":[{"embeddable":true,"href":"https:\/\/www.discover-innsbruck.at\/en\/wp-json\/wp\/v2\/users\/1"}],"replies":[{"embeddable":true,"href":"https:\/\/www.discover-innsbruck.at\/en\/wp-json\/wp\/v2\/comments?post=58446"}],"version-history":[{"count":0,"href":"https:\/\/www.discover-innsbruck.at\/en\/wp-json\/wp\/v2\/project\/58446\/revisions"}],"wp:featuredmedia":[{"embeddable":true,"href":"https:\/\/www.discover-innsbruck.at\/en\/wp-json\/wp\/v2\/media\/58445"}],"wp:attachment":[{"href":"https:\/\/www.discover-innsbruck.at\/en\/wp-json\/wp\/v2\/media?parent=58446"}],"wp:term":[{"taxonomy":"project_category","embeddable":true,"href":"https:\/\/www.discover-innsbruck.at\/en\/wp-json\/wp\/v2\/project_category?post=58446"},{"taxonomy":"project_tag","embeddable":true,"href":"https:\/\/www.discover-innsbruck.at\/en\/wp-json\/wp\/v2\/project_tag?post=58446"}],"curies":[{"name":"wp","href":"https:\/\/api.w.org\/{rel}","templated":true}]}}

<p>[et_pb_section fb_built=&#8220;1&#8243; _builder_version=&#8220;4.25.1&#8243; _module_preset=&#8220;default&#8220; global_colors_info=&#8220;{}&#8220; theme_builder_area=&#8220;post_content&#8220;][et_pb_row column_structure=&#8220;1_2,1_2&#8243; _builder_version=&#8220;4.25.1&#8243; _module_preset=&#8220;default&#8220; global_colors_info=&#8220;{}&#8220; theme_builder_area=&#8220;post_content&#8220;][et_pb_column type=&#8220;1_2&#8243; _builder_version=&#8220;4.25.1&#8243; _module_preset=&#8220;default&#8220; global_colors_info=&#8220;{}&#8220; theme_builder_area=&#8220;post_content&#8220;][et_pb_image src=&#8220;https://www.discover-innsbruck.at/wp-content/uploads/2024/10/FDF96871-77A4-4DEF-B11D-1688813FC5F6.jpeg&#8220; alt=&#8220;Militärfriedhof Amras&#8220; title_text=&#8220;Militärfriedhof Amras&#8220; admin_label=&#8220;Bild (ändern)&#8220; _builder_version=&#8220;4.27.0&#8243; _module_preset=&#8220;default&#8220; hover_enabled=&#8220;0&#8243; border_radii=&#8220;on|10px|10px|10px|10px&#8220; box_shadow_style=&#8220;preset1&#8243; global_colors_info=&#8220;{}&#8220; theme_builder_area=&#8220;post_content&#8220; sticky_enabled=&#8220;0&#8243;][/et_pb_image][/et_pb_column][et_pb_column type=&#8220;1_2&#8243; _builder_version=&#8220;4.25.1&#8243; _module_preset=&#8220;default&#8220; global_colors_info=&#8220;{}&#8220; theme_builder_area=&#8220;post_content&#8220;][et_pb_post_title meta=&#8220;off&#8220; featured_image=&#8220;off&#8220; admin_label=&#8220;Posttitel (nicht ändern)&#8220; _builder_version=&#8220;4.25.1&#8243; _module_preset=&#8220;default&#8220; title_font_size=&#8220;28px&#8220; custom_padding=&#8220;10px|10px|10px|10px|true|true&#8220; border_radii=&#8220;on|10px|10px|10px|10px&#8220; box_shadow_style=&#8220;preset1&#8243; global_colors_info=&#8220;{}&#8220; theme_builder_area=&#8220;post_content&#8220;][/et_pb_post_title][et_pb_icon font_icon=&#8220;&#xe09a;||divi||400&#8243; icon_width=&#8220;64px&#8220; url=&#8220;https://www.instagram.com/discoverinnsbrooklyn/&#8220; url_new_window=&#8220;on&#8220; admin_label=&#8220;Instagram (nicht ändern)&#8220; _builder_version=&#8220;4.25.1&#8243; _module_preset=&#8220;default&#8220; global_module=&#8220;55501&#8243; saved_tabs=&#8220;all&#8220; global_colors_info=&#8220;{}&#8220; theme_builder_area=&#8220;post_content&#8220;][/et_pb_icon][et_pb_text admin_label=&#8220;Überschrift (nicht ändern)&#8220; _builder_version=&#8220;4.27.0&#8243; _module_preset=&#8220;default&#8220; header_2_font_size=&#8220;24px&#8220; global_colors_info=&#8220;{}&#8220; theme_builder_area=&#8220;post_content&#8220;]</p>
<h2>Interessant dazu&#8230;</h2>
<p>[/et_pb_text][et_pb_toggle title=&#8220;Der Erste Weltkrieg und die Zeit danach&#8220; open_toggle_text_color=&#8220;#e09900&#8243; open_toggle_background_color=&#8220;#ffffff&#8220; closed_toggle_text_color=&#8220;#e09900&#8243; closed_toggle_background_color=&#8220;#ffffff&#8220; icon_color=&#8220;#e09900&#8243; open_icon_color=&#8220;#e09900&#8243; admin_label=&#8220;Der Erste Weltkrieg und die Zeit danach&#8220; _builder_version=&#8220;4.27.0&#8243; _module_preset=&#8220;default&#8220; title_text_color=&#8220;#e09900&#8243; title_font_size=&#8220;18px&#8220; border_radii=&#8220;on|5px|5px|5px|5px&#8220; box_shadow_style=&#8220;preset1&#8243; global_colors_info=&#8220;{}&#8220; global_module=&#8220;53606&#8243; theme_builder_area=&#8220;post_content&#8220;]</p>
<p>Auch in Innsbruck war die Begeisterung für den Krieg 1914 groß gewesen. Vom Nationalismus und der Begeisterung für „<em>Gott, Kaiser und Vaterland</em>“ der Zeit angetrieben, begrüßten Bauernsöhne und Studenten den Krieg zum allergrößten Teil einhellig. Klerus und Presse stimmten in den allgemeinen Jubel mit ein und heizten die Sache weiter an. Besonders „verdient“ machten sich dabei Theologen wie Joseph Seeber (1856 – 1919) und Anton Müllner alias <em>Bruder Willram</em> (1870 – 1919) die mit ihren Predigten und Schriften wie „<em>Das blutige Jahr</em>“ den Krieg zu einem Kreuzzug gegen Frankreich und Italien erhoben.</p>
<p>Viele Innsbrucker meldeten sich freiwillig für den Feldzug gegen Serbien, von dem man dachte, er wäre eine Angelegenheit weniger Wochen oder Monate. Von außerhalb der Stadt kam eine so große Anzahl an Freiwilligen zu den Stellungskommissionen, dass Innsbruck beinahe aus allen Nähten platzte. Wie anders es kommen sollte, konnte keiner ahnen. Schon nach den ersten Schlachten im fernen Galizien war klar, dass es keine Sache von Monaten werden würde.</p>
<p>1915 trat das Königreich Italien an der Seite Frankreichs und Englands in den Krieg ein. Damit ging die Front quer durch das damalige Tirol. Vom Ortler im Westen über den nördlichen Gardasee bis zu den <em>Sextener Dolomiten</em> fanden die Gefechte des Gebirgskriegs statt. Innsbruck war nicht direkt von den Kampfhandlungen betroffen. Zumindest hören konnte man das Kriegsgeschehen aber bis in die Landeshauptstadt, wie in der Zeitung vom 7. Juli 1915 zu lesen war:</p>
<p><em>„Bald nach Beginn der Feindseligkeiten der Italiener konnte man in der Gegend der Serlesspitze deutlich Kanonendonner wahrnehmen, der von einem der Kampfplätze im Süden Tirols kam, wahrscheinlich von der Vielgereuter Hochebene. In den letzten Tagen ist nun in Innsbruck selbst und im Nordosten der Stadt unzweifelhaft der Schall von Geschützdonner festgestellt worden, einzelne starke Schläge, die dumpf, nicht rollend und tönend über den Brenner herüberklangen. Eine Täuschung ist ausgeschlossen. In Innsbruck selbst ist der Donner der Kanonen schwerer festzustellen, weil hier der Lärm zu groß ist, es wurde aber doch einmal abends ungefähr um 9 Uhr, als einigermaßen Ruhe herrschte, dieser unzweifelhafte von unseren Mörsern herrührender Donner gehört.“</em></p>
<p>Bis zur Verlegung regulärer Truppen von der Ostfront hing die Landesverteidigung an den Standschützen, einer Truppe, die aus Männern unter 21, über 42 oder mit Untauglichkeit für den regulären Militärdienst bestand. Täglich trafen wenig erbauliche Neuigkeiten der Front, Särge und Kriegsgefangene ein. Verwundetentransporte luden Menschenmaterial für die Lazarette im Hinterland ab. Um der großen Zahl an Gefallenen Herr zu werden, wurde der Militärfriedhof Pradl angelegt.</p>
<p>Die Bevölkerung in Innsbruck litt unter Mangel, vor allem im letzten Winter, der als <em>Hungerwinter</em> in die europäische Geschichte einging. Die Versorgung erfolgte in den letzten Kriegsjahren über Bezugsscheine. 500 g Fleisch, 60 g Butter und 2 kg Kartoffel waren die Basiskost pro Person – pro Woche, wohlgemerkt. Auf Archivbildern kann man die langen Schlangen verzweifelter und hungriger Menschen vor den Lebensmittelläden sehen.</p>
<p>Im Oktober 1918 kam es zu Fliegeralarm, Schaden entstand keiner. Zu dieser Zeit war den meisten Menschen schon klar, dass der Krieg verloren war, und welches Schicksal Tirol erwarten würde, wie dieser Artikel vom 6. Oktober 1918 zeigt:</p>
<p> „<em>Aeußere und innere Feinde würfeln heute um das Land Andreas Hofers. Der letzte Wurf ist noch grausamer; schändlicher ist noch nie ein freies Land geschachert worden. Das Blut unserer Väter, Söhne und Brüder ist umsonst geflossen, wenn dieser schändliche Plan Wirklichkeit werden soll. Der letzte Wurf ist noch nicht getan. Darum auf Tiroler, zum Tiroler Volkstag in Brixen am 13. Oktober 1918 (nächsten Sonntag). Deutscher Boden muß deutsch bleiben, Tiroler Boden muß tirolisch bleiben. Tiroler entscheidet selbst über Eure Zukunft!</em>“</p>
<p>Am 4. November vereinbarten Österreich-Ungarn und das Königreich Italien schließlich einen Waffenstillstand. Damit verbunden war das Recht der Alliierten Gebiete der Monarchie zu besetzen. Bereits am nächsten Tag rückten bayerische Truppen in Innsbruck ein. Der österreichische Verbündete Deutschland befand sich noch im Krieg mit Italien und hatte Angst, die Front könnte nach Nordtirol näher an das Deutsche Reich verlegt werden. Zum großen Glück für Innsbruck und die Umgebung kapitulierte aber auch Deutschland eine Woche später am 11. November. So blieben die großen Kampfhandlungen zwischen regulären Armeen außen vor.</p>
<p>Trotzdem war Innsbruck in Gefahr. Gewaltige Kolonnen an militärischen Kraftfahrzeugen, Züge voller Soldaten und tausende ausgezehrte Soldaten, die sich zu Fuß auf den Heimweg von der Front machten, passierten die Stadt. Um die öffentliche Ordnung aufrecht zu erhalten, bildeten sich Wehrgruppen aus Schülern, Studenten, Arbeitern und Bürgern. Die Stadt musste nicht nur die eigenen Bürger in Zaum halten, die Verpflegung garantieren, sondern sich auch vor Plünderungen schützen.</p>
<p>Am 23. November 1918 besetzten italienische Truppen die Stadt und das Umland. Der beschwichtigende Aufruf an die Innsbrucker von Bürgermeister Greil, die Stadt ohne Aufruhr zu übergeben, hatte Erfolg. Es kam kaum zu Ausschreitungen.</p>
<p>Die wirtschaftlichen Aussichten in Innsbruck waren in den Nachkriegsjahren miserabel. Die Republik Deutschösterreich war zwar ausgerufen, wie es mit Tirol weitergehen sollte, war unklar. Bei den Friedensverhandlungen in Paris war wurde der Brenner zur neuen Grenze erklärt. Das historische Tirol war zweigeteilt. Viele Menschen zu beiden Seiten des Brenners fühlten sich verraten. Man hatte den Krieg zwar bei Weitem nicht gewonnen, als Verlierer gegenüber Italien sah man sich aber nicht. Der Hass auf Italiener erreichte in der Zwischenkriegszeit seinen Höhepunkt. Eine Passage aus dem Erzählband „Die Front über den Gipfeln“ des nationalsozialistischen Autors Karl Springenschmid spiegelt die allgemeine Stimmung wider:</p>
<p><em>„`Walsch (Anm.:Italienisch) werden, das wär das Ärgste!` sagt die Junge. </em></p>
<p><em>Da nickt der alte Tappeiner bloß und schimpft: `Weiß wohl selber und wir wissen es alle: Walsch werden, das wär das Ärgste.`“</em></p>
<p>Der Anschluss an Deutschland erhielt bei einer Abstimmung in Tirol einen Zuspruch von 98% in Tirol, kam aber nie zustande. Auch eine eigene Republik mit Bayern stand im Raum. Viele Menschen, besonders Beamten und Mitarbeiter im öffentlichen Dienst, hatten ihre Arbeit verloren. Der Fremdenverkehr war inexistent. Erst 1923, mit der Währungssanierung unter Kanzler Ignaz Seipel begann sich Innsbruck langsam zu erholen.</p>
<p>Erinnerungsorte an den Ersten Weltkrieg finden sich in Innsbruck vor allem an Kirchen, die der gefallenen Gemeindemitglieder gedenken, und Friedhöfen. Besonders interessant ist der Pradler Friedhof. Den beiden Theologen Anton Müllner und Josef Seeber sind Innsbrucker Straßennamen gewidmet.</p>
<p>[/et_pb_toggle][/et_pb_column][/et_pb_row][/et_pb_section]</p>
