{"id":58511,"date":"2024-10-04T06:47:33","date_gmt":"2024-10-04T06:47:33","guid":{"rendered":"https:\/\/www.discover-innsbruck.at\/?post_type=project&#038;p=58511"},"modified":"2024-10-04T06:47:40","modified_gmt":"2024-10-04T06:47:40","slug":"bauernhaus-philippine-welser-strasse-innsbruck","status":"publish","type":"project","link":"https:\/\/www.discover-innsbruck.at\/en\/project\/bauernhaus-philippine-welser-strasse-innsbruck\/","title":{"rendered":"Farmhouse Philippine-Welser-Stra\u00dfe Innsbruck"},"content":{"rendered":"<p>[et_pb_section fb_built=&#8220;1&#8243; _builder_version=&#8220;4.25.1&#8243; _module_preset=&#8220;default&#8220; global_colors_info=&#8220;{}&#8220; theme_builder_area=&#8220;post_content&#8220;][et_pb_row column_structure=&#8220;1_2,1_2&#8243; _builder_version=&#8220;4.25.1&#8243; _module_preset=&#8220;default&#8220; global_colors_info=&#8220;{}&#8220; theme_builder_area=&#8220;post_content&#8220;][et_pb_column type=&#8220;1_2&#8243; _builder_version=&#8220;4.25.1&#8243; _module_preset=&#8220;default&#8220; global_colors_info=&#8220;{}&#8220; theme_builder_area=&#8220;post_content&#8220;][et_pb_image src=&#8220;https:\/\/www.discover-innsbruck.at\/wp-content\/uploads\/2024\/10\/4C02518E-76FB-45CB-874A-8E1C83A60C67.jpeg&#8220; alt=&#8220;Bauernhaus Philippine-Welser-Stra\u00dfe Innsbruck&#8220; title_text=&#8220;Bauernhaus Philippine-Welser-Stra\u00dfe Innsbruck&#8220; admin_label=&#8220;Bild (\u00e4ndern)&#8220; _builder_version=&#8220;4.27.0&#8243; _module_preset=&#8220;default&#8220; hover_enabled=&#8220;0&#8243; border_radii=&#8220;on|10px|10px|10px|10px&#8220; box_shadow_style=&#8220;preset1&#8243; global_colors_info=&#8220;{}&#8220; theme_builder_area=&#8220;post_content&#8220; sticky_enabled=&#8220;0&#8243;][\/et_pb_image][\/et_pb_column][et_pb_column type=&#8220;1_2&#8243; _builder_version=&#8220;4.25.1&#8243; _module_preset=&#8220;default&#8220; global_colors_info=&#8220;{}&#8220; theme_builder_area=&#8220;post_content&#8220;][et_pb_post_title meta=&#8220;off&#8220; featured_image=&#8220;off&#8220; admin_label=&#8220;Posttitel (nicht \u00e4ndern)&#8220; _builder_version=&#8220;4.25.1&#8243; _module_preset=&#8220;default&#8220; title_font_size=&#8220;28px&#8220; custom_padding=&#8220;10px|10px|10px|10px|true|true&#8220; border_radii=&#8220;on|10px|10px|10px|10px&#8220; box_shadow_style=&#8220;preset1&#8243; global_colors_info=&#8220;{}&#8220; theme_builder_area=&#8220;post_content&#8220;][\/et_pb_post_title][et_pb_icon font_icon=&#8220;&#xe09a;||divi||400&#8243; icon_width=&#8220;64px&#8220; url=&#8220;https:\/\/www.instagram.com\/discoverinnsbrooklyn\/&#8220; url_new_window=&#8220;on&#8220; admin_label=&#8220;Instagram (nicht \u00e4ndern)&#8220; _builder_version=&#8220;4.25.1&#8243; _module_preset=&#8220;default&#8220; global_module=&#8220;55501&#8243; saved_tabs=&#8220;all&#8220; global_colors_info=&#8220;{}&#8220; theme_builder_area=&#8220;post_content&#8220;][\/et_pb_icon][et_pb_text admin_label=&#8220;\u00dcberschrift (nicht \u00e4ndern)&#8220; _builder_version=&#8220;4.27.0&#8243; _module_preset=&#8220;default&#8220; header_2_font_size=&#8220;24px&#8220; global_colors_info=&#8220;{}&#8220; theme_builder_area=&#8220;post_content&#8220;]<\/p>\n<h2>Interessant dazu&#8230;<\/h2>\n<p>[\/et_pb_text][et_pb_toggle title=&#8220;Theodor Prachensky: Beamter zwischen Kaiser und Republik&#8220; open_toggle_text_color=&#8220;#e09900&#8243; open_toggle_background_color=&#8220;#ffffff&#8220; closed_toggle_text_color=&#8220;#e09900&#8243; closed_toggle_background_color=&#8220;#ffffff&#8220; icon_color=&#8220;#e09900&#8243; open_icon_color=&#8220;#e09900&#8243; admin_label=&#8220;Theodor Prachensky: Beamter zwischen Kaiser und Republik&#8220; _builder_version=&#8220;4.27.0&#8243; _module_preset=&#8220;default&#8220; title_text_color=&#8220;#e09900&#8243; title_font_size=&#8220;18px&#8220; border_radii=&#8220;on|5px|5px|5px|5px&#8220; box_shadow_style=&#8220;preset1&#8243; global_module=&#8220;53752&#8243; global_colors_info=&#8220;{}&#8220; theme_builder_area=&#8220;post_content&#8220;]<\/p>\n<p>In den sp\u00e4ten 1920er Jahren entstanden in Innsbruck wegweisende Bauprojekte. Franz Baumann entwarf, angelehnt an die international verbreitete <em>Wei\u00dfe Moderne<\/em>, die Stationen der Nordkettenbahn im Stil der <em>Tiroler Moderne<\/em>. Fritz Konzerts St\u00e4dtisches Hallenbad sollte die Ideale der Lebensreformbewegung architektonisch manifestieren. Beiden Architekten wurde in Innsbruck eine Stra\u00dfe gewidmet. Keiner der beiden aber sollte Innsbruck so nachhaltig ver\u00e4ndern wie Theodor Prachensky (1888 \u2013 1970).<\/p>\n<p>Er war als Mitarbeiter des Bauamtes Innsbruck zwischen 1913 und 1953 vor allem f\u00fcr Wohnbau- und Infrastrukturprojekte der Zwischenkriegszeit verantwortlich. Die von ihm umgesetzten Projekte sind nicht so spektakul\u00e4r wie die Bergstationen seines Schwagers Baumann. Prachenskys Bauten, die die Zeit \u00fcberdauerten, wirken vielfach n\u00fcchtern und rein funktionell. Innsbruck beherbergt mit den gro\u00dfen Wohnanlagen der 1920er und 30er Jahre, der Krieger-Ged\u00e4chtniskapelle am Pradler Friedhof und dem alten Arbeitsamt (heute Au\u00dfenstelle Universit\u00e4t Innsbruck hinter dem aktuellen AMS-Geb\u00e4ude) viele Geb\u00e4ude Prachenskys, die die Zeitgeschichte der Zwischenkriegszeit und die wechselhaften politischen und staatlichen Einfl\u00fcsse, unter denen er selbst als Person stand, dokumentieren. Sieht man sich aber seine Zeichnungen im Archiv f\u00fcr Baukunst der Universit\u00e4t Innsbruck an, erkennt man, dass auch Prachensky mehr K\u00fcnstler als Techniker war, wie auch seine Malereien beweisen. Viele seiner spektakul\u00e4ren Entw\u00fcrfe wie das <em>Sozialdemokratische Volkshaus<\/em> in der Salurnerstra\u00dfe, sein <em>Kaisersch\u00fctzendenkmal<\/em> oder die <em>Friedens- und Heldenkirche<\/em> wurden nicht umgesetzt.<\/p>\n<p>Seine Biografie liest sich wie ein Abriss der \u00f6sterreichischen Geschichte des 20. Jahrhunderts. Prachensky war als Architekt und Beamter unter f\u00fcnf unterschiedlichen Staatsmodellen t\u00e4tig. Der K.u.K. Monarchie folgte die Erste Republik, die vom autorit\u00e4ren St\u00e4ndestaat abgel\u00f6st wurde. 1938 kam es zum Anschluss an Nazideutschland. 1945 wurde mit Kriegsende die Zweite Republik ausgerufen.<\/p>\n<p>1908 hatte Prachensky die baugewerbliche Abteilung der Gewerbeschule Innsbruck abgeschlossen. Von 1909 arbeitete er teilweise gemeinsam mit Franz Baumann, dessen Schwester Maria er 1913 heiraten sollte, beim renommierten Architekturb\u00fcro Musch &amp; Lun in Meran, damals ebenfalls noch Teil der K.u.K. Monarchie. Privat war 1913 f\u00fcr ihn wegweisend: Theodor und Maria heirateten, starteten das private Bauprojekt des Eigenheims <em>Haus Prachensky<\/em> am Berg Isel Weg 20 und Theodor trat seinen Dienst beim Stadtmagistrat Innsbruck unter Oberbaurat Jakob Albert an.<\/p>\n<p>Anstatt sich nach dem Krieg in der schwierigen wirtschaftlichen Lage in der Privatwirtschaft durchschlagen zu m\u00fcssen, stand Prachensky im \u00f6ffentlichen Dienst. Die wichtigen, vom sozialdemokratischen Gedanken beeinflussten Projekte konnten erst nach den ersten und schwierigsten, von der Inflation und der Versorgungsknappheit charakterisierten Nachkriegsjahren begonnen werden. Den Anfang machte der <em>Schlachthausblock<\/em> im Saggen zwischen 1922 und 1925. Es folgten mehrere Infrastrukturprojekte wie der <em>Mandelsbergerblock<\/em>, der P<em>embaurblock<\/em> und der Kindergarten und die Hauptschule in der Pembaurstra\u00dfe, die vor allem f\u00fcr die sozial Schw\u00e4cheren und die vom Krieg und der Nachkriegszeit betroffenen Arbeiterschicht gedacht waren. Auch das 1931 entworfene Arbeitsamt hinter dem aktuellen AMS-Geb\u00e4ude in Wilten war eine wichtige Neuerung im Sozialwesen. Seit der Republikgr\u00fcndung 1918 half das Arbeitsamt bei der Vermittlung von Arbeitssuchenden und Arbeitgebern und der Eind\u00e4mmung der Arbeitslosigkeit.<\/p>\n<p>In den Jahren der erneuten Wirtschaftskrise in den 1930ern nahm seine Bedeutung nochmal zu. Eine weitere Z\u00e4sur in Prachenskys Werdegang stellten die n\u00e4chsten Wechsel der Regierungsform \u00d6sterreichs dar. Trotz dem Rechtsruck unter Dollfu\u00df samt Verbot der Sozialdemokratischen Partei 1933 und dem Anschluss von 1938 konnte er als leitender Beamter im \u00f6ffentlichen Dienst bleiben. Sein Schwager Franz Baumann mit dem er mehrere Bauprojekte umsetzte, war politisch der Rechten nahe, wie sein Beitritt zur NSDAP bereits im Mai 1938 zeigt. Prachensky setzte gemeinsam mit Jakob Albert ab 1939 S\u00fcdtiroler Siedlungen unter den Nationalsozialisten um. Er selbst war, anders als mehrere Mitglieder seiner Familie niemals Mitglied oder Unterst\u00fctzer der NSDAP.<\/p>\n<p>Nach dem Zweiten Weltkrieg blieb er acht weitere Jahre als Oberbaurat der Stadt Innsbruck t\u00e4tig. Neben seiner T\u00e4tigkeit als Bauplaner und Architekt war Prachensky begeisterter Maler.<\/p>\n<p>Gro\u00dfen Einfluss auf sein Wirken als Architekt und Stadtplaner gem\u00e4\u00df der internationalen sozialdemokratisch orientierten Architektur hatte wohl sein Vater Josef Prachensky, der als einer der Gr\u00fcnder der Sozialdemokratie in Tirol in die Landesgeschichte einging.<\/p>\n<p>Neben der politischen Gesinnung des Vaters hatten auch die verschwundene Habsburgermonarchie und die Eindr\u00fccke des Milit\u00e4rdienstes im Ersten Weltkrieg Einfluss auf Prachensky. Obwohl er laut Eigenaussage Kriegsgegner war, meldete er sich 1915 als Einj\u00e4hrig-Freiwilliger bei den Tiroler Kaiserj\u00e4gern zum Kriegsdienst. Vielleicht waren es die Erwartungen, die w\u00e4hrend des Krieges an ihn als Beamten herangetragen wurden, vielleicht die allgemeine Begeisterung, die ihn zu diesem Schritt bewogen, die Aussagen und die Tat sind widerspr\u00fcchlich. Die Kriegerged\u00e4chtnis-Kapelle am Pradler Friedhof und das gemeinsam mit Clemens Holzmeister entworfene Kaisersch\u00fctzenkapelle am Tummelplatz sowie seine nicht umgesetzten Entw\u00fcrfe f\u00fcr ein Kaiserj\u00e4ger Denkmal und die <em>Friedens- und Heldenkirche Innsbruck<\/em>, sind wohl Produkte der Lebenserfahrung Prachenskys.<\/p>\n<p>Er starb mit 82 Jahren in Innsbruck. Seine S\u00f6hne, Enkel und Urenkel f\u00fchrten sein kreatives Erbe als Architekten, Designer, Fotografen und Maler in verschiedenen Disziplinen fort. 2017 wurden Teile des generationen\u00fcbergreifenden Werks der K\u00fcnstlerfamilie Prachensky in der ehemaligen Bierbrauerei <em>Adambr\u00e4u<\/em> mit einer Ausstellung gezeigt.<\/p>\n<p>[\/et_pb_toggle][\/et_pb_column][\/et_pb_row][\/et_pb_section]<\/p>\n","protected":false},"excerpt":{"rendered":"<p>Farmhouse Philippine-Welser-Stra\u00dfe Innsbruck<\/p>","protected":false},"author":1,"featured_media":58510,"comment_status":"open","ping_status":"closed","template":"","meta":{"_et_pb_use_builder":"on","_et_pb_old_content":"","_et_gb_content_width":"","wds_primary_project_category":0,"footnotes":""},"project_category":[100],"project_tag":[],"class_list":["post-58511","project","type-project","status-publish","has-post-thumbnail","hentry","project_category-amras-pradl"],"_links":{"self":[{"href":"https:\/\/www.discover-innsbruck.at\/en\/wp-json\/wp\/v2\/project\/58511","targetHints":{"allow":["GET"]}}],"collection":[{"href":"https:\/\/www.discover-innsbruck.at\/en\/wp-json\/wp\/v2\/project"}],"about":[{"href":"https:\/\/www.discover-innsbruck.at\/en\/wp-json\/wp\/v2\/types\/project"}],"author":[{"embeddable":true,"href":"https:\/\/www.discover-innsbruck.at\/en\/wp-json\/wp\/v2\/users\/1"}],"replies":[{"embeddable":true,"href":"https:\/\/www.discover-innsbruck.at\/en\/wp-json\/wp\/v2\/comments?post=58511"}],"version-history":[{"count":0,"href":"https:\/\/www.discover-innsbruck.at\/en\/wp-json\/wp\/v2\/project\/58511\/revisions"}],"wp:featuredmedia":[{"embeddable":true,"href":"https:\/\/www.discover-innsbruck.at\/en\/wp-json\/wp\/v2\/media\/58510"}],"wp:attachment":[{"href":"https:\/\/www.discover-innsbruck.at\/en\/wp-json\/wp\/v2\/media?parent=58511"}],"wp:term":[{"taxonomy":"project_category","embeddable":true,"href":"https:\/\/www.discover-innsbruck.at\/en\/wp-json\/wp\/v2\/project_category?post=58511"},{"taxonomy":"project_tag","embeddable":true,"href":"https:\/\/www.discover-innsbruck.at\/en\/wp-json\/wp\/v2\/project_tag?post=58511"}],"curies":[{"name":"wp","href":"https:\/\/api.w.org\/{rel}","templated":true}]}}

Farmhouse Philippine-Welser-Straße Innsbruck

<p>[et_pb_section fb_built=&#8220;1&#8243; _builder_version=&#8220;4.25.1&#8243; _module_preset=&#8220;default&#8220; global_colors_info=&#8220;{}&#8220; theme_builder_area=&#8220;post_content&#8220;][et_pb_row column_structure=&#8220;1_2,1_2&#8243; _builder_version=&#8220;4.25.1&#8243; _module_preset=&#8220;default&#8220; global_colors_info=&#8220;{}&#8220; theme_builder_area=&#8220;post_content&#8220;][et_pb_column type=&#8220;1_2&#8243; _builder_version=&#8220;4.25.1&#8243; _module_preset=&#8220;default&#8220; global_colors_info=&#8220;{}&#8220; theme_builder_area=&#8220;post_content&#8220;][et_pb_image src=&#8220;https://www.discover-innsbruck.at/wp-content/uploads/2024/10/4C02518E-76FB-45CB-874A-8E1C83A60C67.jpeg&#8220; alt=&#8220;Bauernhaus Philippine-Welser-Straße Innsbruck&#8220; title_text=&#8220;Bauernhaus Philippine-Welser-Straße Innsbruck&#8220; admin_label=&#8220;Bild (ändern)&#8220; _builder_version=&#8220;4.27.0&#8243; _module_preset=&#8220;default&#8220; hover_enabled=&#8220;0&#8243; border_radii=&#8220;on|10px|10px|10px|10px&#8220; box_shadow_style=&#8220;preset1&#8243; global_colors_info=&#8220;{}&#8220; theme_builder_area=&#8220;post_content&#8220; sticky_enabled=&#8220;0&#8243;][/et_pb_image][/et_pb_column][et_pb_column type=&#8220;1_2&#8243; _builder_version=&#8220;4.25.1&#8243; _module_preset=&#8220;default&#8220; global_colors_info=&#8220;{}&#8220; theme_builder_area=&#8220;post_content&#8220;][et_pb_post_title meta=&#8220;off&#8220; featured_image=&#8220;off&#8220; admin_label=&#8220;Posttitel (nicht ändern)&#8220; _builder_version=&#8220;4.25.1&#8243; _module_preset=&#8220;default&#8220; title_font_size=&#8220;28px&#8220; custom_padding=&#8220;10px|10px|10px|10px|true|true&#8220; border_radii=&#8220;on|10px|10px|10px|10px&#8220; box_shadow_style=&#8220;preset1&#8243; global_colors_info=&#8220;{}&#8220; theme_builder_area=&#8220;post_content&#8220;][/et_pb_post_title][et_pb_icon font_icon=&#8220;&#xe09a;||divi||400&#8243; icon_width=&#8220;64px&#8220; url=&#8220;https://www.instagram.com/discoverinnsbrooklyn/&#8220; url_new_window=&#8220;on&#8220; admin_label=&#8220;Instagram (nicht ändern)&#8220; _builder_version=&#8220;4.25.1&#8243; _module_preset=&#8220;default&#8220; global_module=&#8220;55501&#8243; saved_tabs=&#8220;all&#8220; global_colors_info=&#8220;{}&#8220; theme_builder_area=&#8220;post_content&#8220;][/et_pb_icon][et_pb_text admin_label=&#8220;Überschrift (nicht ändern)&#8220; _builder_version=&#8220;4.27.0&#8243; _module_preset=&#8220;default&#8220; header_2_font_size=&#8220;24px&#8220; global_colors_info=&#8220;{}&#8220; theme_builder_area=&#8220;post_content&#8220;]</p>
<h2>Interessant dazu&#8230;</h2>
<p>[/et_pb_text][et_pb_toggle title=&#8220;Theodor Prachensky: Beamter zwischen Kaiser und Republik&#8220; open_toggle_text_color=&#8220;#e09900&#8243; open_toggle_background_color=&#8220;#ffffff&#8220; closed_toggle_text_color=&#8220;#e09900&#8243; closed_toggle_background_color=&#8220;#ffffff&#8220; icon_color=&#8220;#e09900&#8243; open_icon_color=&#8220;#e09900&#8243; admin_label=&#8220;Theodor Prachensky: Beamter zwischen Kaiser und Republik&#8220; _builder_version=&#8220;4.27.0&#8243; _module_preset=&#8220;default&#8220; title_text_color=&#8220;#e09900&#8243; title_font_size=&#8220;18px&#8220; border_radii=&#8220;on|5px|5px|5px|5px&#8220; box_shadow_style=&#8220;preset1&#8243; global_module=&#8220;53752&#8243; global_colors_info=&#8220;{}&#8220; theme_builder_area=&#8220;post_content&#8220;]</p>
<p>In den späten 1920er Jahren entstanden in Innsbruck wegweisende Bauprojekte. Franz Baumann entwarf, angelehnt an die international verbreitete <em>Weiße Moderne</em>, die Stationen der Nordkettenbahn im Stil der <em>Tiroler Moderne</em>. Fritz Konzerts Städtisches Hallenbad sollte die Ideale der Lebensreformbewegung architektonisch manifestieren. Beiden Architekten wurde in Innsbruck eine Straße gewidmet. Keiner der beiden aber sollte Innsbruck so nachhaltig verändern wie Theodor Prachensky (1888 – 1970).</p>
<p>Er war als Mitarbeiter des Bauamtes Innsbruck zwischen 1913 und 1953 vor allem für Wohnbau- und Infrastrukturprojekte der Zwischenkriegszeit verantwortlich. Die von ihm umgesetzten Projekte sind nicht so spektakulär wie die Bergstationen seines Schwagers Baumann. Prachenskys Bauten, die die Zeit überdauerten, wirken vielfach nüchtern und rein funktionell. Innsbruck beherbergt mit den großen Wohnanlagen der 1920er und 30er Jahre, der Krieger-Gedächtniskapelle am Pradler Friedhof und dem alten Arbeitsamt (heute Außenstelle Universität Innsbruck hinter dem aktuellen AMS-Gebäude) viele Gebäude Prachenskys, die die Zeitgeschichte der Zwischenkriegszeit und die wechselhaften politischen und staatlichen Einflüsse, unter denen er selbst als Person stand, dokumentieren. Sieht man sich aber seine Zeichnungen im Archiv für Baukunst der Universität Innsbruck an, erkennt man, dass auch Prachensky mehr Künstler als Techniker war, wie auch seine Malereien beweisen. Viele seiner spektakulären Entwürfe wie das <em>Sozialdemokratische Volkshaus</em> in der Salurnerstraße, sein <em>Kaiserschützendenkmal</em> oder die <em>Friedens- und Heldenkirche</em> wurden nicht umgesetzt.</p>
<p>Seine Biografie liest sich wie ein Abriss der österreichischen Geschichte des 20. Jahrhunderts. Prachensky war als Architekt und Beamter unter fünf unterschiedlichen Staatsmodellen tätig. Der K.u.K. Monarchie folgte die Erste Republik, die vom autoritären Ständestaat abgelöst wurde. 1938 kam es zum Anschluss an Nazideutschland. 1945 wurde mit Kriegsende die Zweite Republik ausgerufen.</p>
<p>1908 hatte Prachensky die baugewerbliche Abteilung der Gewerbeschule Innsbruck abgeschlossen. Von 1909 arbeitete er teilweise gemeinsam mit Franz Baumann, dessen Schwester Maria er 1913 heiraten sollte, beim renommierten Architekturbüro Musch &amp; Lun in Meran, damals ebenfalls noch Teil der K.u.K. Monarchie. Privat war 1913 für ihn wegweisend: Theodor und Maria heirateten, starteten das private Bauprojekt des Eigenheims <em>Haus Prachensky</em> am Berg Isel Weg 20 und Theodor trat seinen Dienst beim Stadtmagistrat Innsbruck unter Oberbaurat Jakob Albert an.</p>
<p>Anstatt sich nach dem Krieg in der schwierigen wirtschaftlichen Lage in der Privatwirtschaft durchschlagen zu müssen, stand Prachensky im öffentlichen Dienst. Die wichtigen, vom sozialdemokratischen Gedanken beeinflussten Projekte konnten erst nach den ersten und schwierigsten, von der Inflation und der Versorgungsknappheit charakterisierten Nachkriegsjahren begonnen werden. Den Anfang machte der <em>Schlachthausblock</em> im Saggen zwischen 1922 und 1925. Es folgten mehrere Infrastrukturprojekte wie der <em>Mandelsbergerblock</em>, der P<em>embaurblock</em> und der Kindergarten und die Hauptschule in der Pembaurstraße, die vor allem für die sozial Schwächeren und die vom Krieg und der Nachkriegszeit betroffenen Arbeiterschicht gedacht waren. Auch das 1931 entworfene Arbeitsamt hinter dem aktuellen AMS-Gebäude in Wilten war eine wichtige Neuerung im Sozialwesen. Seit der Republikgründung 1918 half das Arbeitsamt bei der Vermittlung von Arbeitssuchenden und Arbeitgebern und der Eindämmung der Arbeitslosigkeit.</p>
<p>In den Jahren der erneuten Wirtschaftskrise in den 1930ern nahm seine Bedeutung nochmal zu. Eine weitere Zäsur in Prachenskys Werdegang stellten die nächsten Wechsel der Regierungsform Österreichs dar. Trotz dem Rechtsruck unter Dollfuß samt Verbot der Sozialdemokratischen Partei 1933 und dem Anschluss von 1938 konnte er als leitender Beamter im öffentlichen Dienst bleiben. Sein Schwager Franz Baumann mit dem er mehrere Bauprojekte umsetzte, war politisch der Rechten nahe, wie sein Beitritt zur NSDAP bereits im Mai 1938 zeigt. Prachensky setzte gemeinsam mit Jakob Albert ab 1939 Südtiroler Siedlungen unter den Nationalsozialisten um. Er selbst war, anders als mehrere Mitglieder seiner Familie niemals Mitglied oder Unterstützer der NSDAP.</p>
<p>Nach dem Zweiten Weltkrieg blieb er acht weitere Jahre als Oberbaurat der Stadt Innsbruck tätig. Neben seiner Tätigkeit als Bauplaner und Architekt war Prachensky begeisterter Maler.</p>
<p>Großen Einfluss auf sein Wirken als Architekt und Stadtplaner gemäß der internationalen sozialdemokratisch orientierten Architektur hatte wohl sein Vater Josef Prachensky, der als einer der Gründer der Sozialdemokratie in Tirol in die Landesgeschichte einging.</p>
<p>Neben der politischen Gesinnung des Vaters hatten auch die verschwundene Habsburgermonarchie und die Eindrücke des Militärdienstes im Ersten Weltkrieg Einfluss auf Prachensky. Obwohl er laut Eigenaussage Kriegsgegner war, meldete er sich 1915 als Einjährig-Freiwilliger bei den Tiroler Kaiserjägern zum Kriegsdienst. Vielleicht waren es die Erwartungen, die während des Krieges an ihn als Beamten herangetragen wurden, vielleicht die allgemeine Begeisterung, die ihn zu diesem Schritt bewogen, die Aussagen und die Tat sind widersprüchlich. Die Kriegergedächtnis-Kapelle am Pradler Friedhof und das gemeinsam mit Clemens Holzmeister entworfene Kaiserschützenkapelle am Tummelplatz sowie seine nicht umgesetzten Entwürfe für ein Kaiserjäger Denkmal und die <em>Friedens- und Heldenkirche Innsbruck</em>, sind wohl Produkte der Lebenserfahrung Prachenskys.</p>
<p>Er starb mit 82 Jahren in Innsbruck. Seine Söhne, Enkel und Urenkel führten sein kreatives Erbe als Architekten, Designer, Fotografen und Maler in verschiedenen Disziplinen fort. 2017 wurden Teile des generationenübergreifenden Werks der Künstlerfamilie Prachensky in der ehemaligen Bierbrauerei <em>Adambräu</em> mit einer Ausstellung gezeigt.</p>
<p>[/et_pb_toggle][/et_pb_column][/et_pb_row][/et_pb_section]</p>

<p>Farmhouse Philippine-Welser-Straße Innsbruck</p>
